Let a be 2*(63/(-2))/(-3). Calculate the highest common factor of n and a.
21
Suppose 0 = -k - 3*k + 4. Suppose -3*u + 5 = -10. Suppose -p - 3 = k, 5*c = -u*p + 15. What is the highest common divisor of 7 and c?
7
Suppose -85 = -3*b + 8. Calculate the highest common factor of b and 62.
31
Suppose -2*f + 66 = -2*w, 0*f - 3*w + 69 = 3*f. Calculate the greatest common factor of f and 4.
4
Suppose 2618 = 3*a + 11*a. Calculate the greatest common factor of 17 and a.
17
Let w be 4/(-24) - (-10)/(-12). Let d be 12*(3 - (3 + w)). What is the greatest common factor of d and 96?
12
Suppose -13*y + 14*y - 4 = 0. Let o = 4 - -6. Let j be (-6)/15 + 284/o. What is the highest common factor of j and y?
4
Suppose 1 = -3*w + 4*b + 22, 0 = -2*w - 2*b + 14. Suppose -7*d = -43 - 300. What is the highest common factor of d and w?
7
Let y = -60 - -80. Let c(f) = -11*f - 6. Let a be c(-6). What is the greatest common divisor of a and y?
20
Let o(m) = -m**3 + m. Let p(d) = -4*d**3 + 10*d**2 - 4*d - 10. Let n(j) = -3*o(j) + p(j). Let l be n(9). What is the greatest common factor of l and 40?
8
Let y be ((-39)/15)/((-6)/30). Calculate the greatest common divisor of 117 and y.
13
Let m = 2 - 5. Let b = 1 - m. Calculate the highest common factor of 44 and b.
4
Let c be (-232)/20*15/(-6). Calculate the greatest common factor of c and 29.
29
Let b be 2*-3*(-54)/4. What is the highest common divisor of 9 and b?
9
Suppose 13*l - 36 = 4*l. Let k = 27 - -1. What is the highest common divisor of k and l?
4
Let z be -1 - 4/(-2) - -3. Suppose 3*j = 5*n - 33, -z*j - 1 = 5*n + 8. Let v be -1 - 3/(j/86). What is the greatest common divisor of v and 21?
21
Suppose 3*q = 2*q + 3. Suppose -q*k - 24 = -6*k. What is the greatest common factor of k and 56?
8
Let u be 19*(3/(-1) + 5). What is the highest common divisor of u and 95?
19
Let b = 18 - -18. Suppose 2*l + h - 6*h = -9, -2*l = -3*h + 3. Suppose -2*a - 4*m = -a - b, l*a - 73 = -5*m. Calculate the highest common divisor of a and 4.
4
Let j = 4 + 1. Suppose 125 = 2*x + 3*i, 0*i + 100 = 2*x - 2*i. Calculate the highest common factor of x and j.
5
Let t(n) = 54*n + 4. Let k be t(-5). Let l be 15/(-25) + k/(-10). What is the highest common divisor of l and 39?
13
Let y = 289 - 86. Suppose 5*u = 2*m + y, 2*m - 207 = -5*u + 5*m. Calculate the greatest common divisor of u and 13.
13
Suppose 142 = 13*q - 27. Let a = 2 - 0. Suppose -a*b + 0*b + 570 = 4*s, -5*s = -2*b - 717. What is the highest common divisor of s and q?
13
Suppose 0 = -2*o + 13 + 9. What is the greatest common factor of o and 11?
11
Suppose 3 - 5 = -2*l, -79 = -5*s - 4*l. Suppose 0 = 5*x - 123 - 27. What is the greatest common divisor of s and x?
15
Let a(j) = -2*j + 3. Let y be a(-3). What is the greatest common divisor of 6 and y?
3
Let j be (2/6 - 1)*(4 + -13). What is the highest common divisor of j and 24?
6
Let j(i) = i**3 + i**2 - 3*i - 3. Let o be j(-2). Let r(v) = 5*v**2 - 1. Let w be r(o). Calculate the highest common factor of 16 and w.
4
Let j = -91 - -106. What is the highest common factor of j and 120?
15
Let l(r) = r - 2. Let c be l(2). Let n be (3 + c)/((-1)/(-3)). What is the greatest common divisor of n and 9?
9
Suppose s - 30 = -2*s. Calculate the highest common factor of 30 and s.
10
Let o be 2*(8 + 0)*1. Let y = 1 + o. What is the highest common divisor of y and 51?
17
Let h(r) = -r**2 + 7*r - 2. Let j be h(7). Let o be 22 - 1/j*0. Calculate the greatest common divisor of 33 and o.
11
Suppose -8*y + 3*y + 50 = 0. Let v = y + -4. Calculate the highest common divisor of v and 2.
2
Suppose -5*z - 3*s + 1 = 0, 0*s + 2*s + 16 = 5*z. Suppose 3*a - 10 = 2. Suppose a*g - 3 - 13 = 0. Calculate the highest common factor of g and z.
2
Suppose 1500 = 5*w - 4*k + k, -2*k = -5*w + 1495. What is the greatest common divisor of w and 27?
27
Suppose 0 = -4*k + 228 + 444. Let y be (-13)/(260/k)*-5. Suppose -7 - 105 = -4*s. Calculate the highest common divisor of s and y.
14
Suppose -2*v = -0*p - 3*p - 17, 3*v - 4*p - 25 = 0. What is the highest common factor of v and 70?
7
Suppose 143 = -4*y - 313. Let j = y - -194. Calculate the greatest common divisor of j and 10.
10
Let s be -1 + 1/2*0. Suppose -4*h - 16 - 8 = 0. Let r be (h - -14) + (-1)/s. Calculate the greatest common factor of 72 and r.
9
Suppose -2*q + 9 - 1 = 0. Let c(l) = 2*l**2 - 12*l + 5. Let f be c(7). Let y = 39 - f. What is the highest common factor of q and y?
4
Let y(f) = f**3 + 14*f**2 + 6*f - 1. Let o be y(-12). What is the greatest common divisor of o and 43?
43
Let z be -9*(1 + 14/(-6)). Let c be (-1)/(-2) + (-497)/(-14). Calculate the highest common factor of z and c.
12
Suppose 0 = -5*i + 3*f + 128, -2*i + 9 = 2*f - 39. Let b(z) = -z**3 + 6*z**2 + 14*z + 26. Let m be b(8). Calculate the greatest common factor of i and m.
5
Suppose -3*y - 53 = -8*y - 4*n, 3*n = -9. What is the highest common factor of y and 13?
13
Suppose 7*x - 5*x - 168 = 0. What is the highest common factor of 14 and x?
14
Let m(n) = -n + 18. Let t be m(14). Let i be (t - 1) + -2 + 1. Suppose 4*f + 15 + 69 = 4*u, 4*u = -f + 59. What is the greatest common factor of u and i?
2
Let r be 240/18 + 2/(-6). Suppose -r = 5*c - 43. Let q be 2*(-2)/c*-3. Calculate the highest common factor of 5 and q.
1
Let p be (-126)/6*2/(-3). Calculate the highest common factor of p and 126.
14
Suppose 3*v - 5*z - 46 = 0, -4*v + 4*z = 23 - 79. What is the greatest common factor of 108 and v?
12
Suppose -5*m - 17 - 3 = 2*r, 4*m = 0. Let i = -17 - r. Let w = 19 + i. Calculate the highest common factor of 96 and w.
12
Let s(h) = h**2 + 1. Let b(a) = -56*a**2 - a - 4. Let q(n) = -b(n) - 5*s(n). Let u be q(1). What is the highest common factor of u and 34?
17
Suppose -2*w - 2*w - 60 = -4*m, -2*m + 9 = 5*w. Let a be 3/m - (-30)/8. Let p be (-6)/4 - (-246)/a. What is the highest common divisor of p and 12?
12
Suppose x = 2*a + 13, 3*x - 2*a = -0*a + 55. What is the highest common divisor of x and 21?
21
Let j = -7 + 13. What is the highest common divisor of 3 and j?
3
Suppose 2 = f - 2. Suppose -f*m + 9 = -11. Suppose -m*t = 5*u - t - 137, 0 = -4*u - 4*t + 112. What is the highest common factor of 75 and u?
25
Let s be (8 + -13)/(1/(-7)). Suppose -5*g + 75 = 5*q, 0 = -q + 3*g - 0*g + s. Calculate the greatest common factor of 10 and q.
10
Suppose -5*a + 5 = -10. Suppose -l - 2 = -6*l - a*v, 2*l - 2*v - 4 = 0. Calculate the greatest common divisor of l and 4.
1
Suppose -4*d + 43 = -3*c, -11 = -d + 2*c - 4. Let l = 81 - d. What is the highest common factor of 34 and l?
34
Let j be 54 - (-1 + 1/1). Suppose 3*o + j = 3*w - 0*o, 0 = -o - 5. What is the greatest common divisor of w and 26?
13
Let l = 3 + -1. Let x be (0 - 2)*(-13)/l. Let m = -149 - -266. What is the greatest common divisor of x and m?
13
Suppose -5*g = 2*i + 405, 2*g - 3*i - 234 = 5*g. Let q be (-1)/(-2) + g/(-2). Suppose k = -2*k + q. What is the greatest common factor of 28 and k?
14
Let a(q) = 3*q**2 - q. Let t be a(-3). Suppose 62 = d + 4*d + 3*m, 3*d - 38 = -2*m. Calculate the greatest common factor of t and d.
10
Let y(o) = 14*o - 4. Let j be y(2). Suppose 3*i = -v + 113, -4*v - 160 = -5*i - 0*v. What is the greatest common factor of j and i?
12
Suppose 2*p + 2*p = 0. Suppose p*f + 36 = f. Let c be 1 - (-9 + 2 + -1). What is the highest common divisor of f and c?
9
Let r be 2/(-11) + ((-6912)/(-22) - 6). What is the highest common factor of 44 and r?
44
Let k(h) = 4*h + 21. Let t(n) = 5*n + 22. Let i(f) = 4*k(f) - 3*t(f). Let w be i(-12). Calculate the highest common factor of 2 and w.
2
Let a(d) = -d**3 + d**2 - d + 10. Let l be a(0). Let x be -1*(2 + l)/1. Let p = x - -26. Calculate the greatest common factor of 7 and p.
7
Suppose 0 = -2*n - 10, -x + 3*n + 143 = x. Suppose -5*z + l + 36 = 0, -z + 20 = 2*z - l. Calculate the greatest common factor of x and z.
8
Let a = -154 - -259. What is the highest common factor of a and 21?
21
Let t = 11 + -28. Let s = t - -23. Let n(k) = k**3 + 4*k**2 - 3*k - 6. Let z be n(-4). What is the greatest common factor of s and z?
6
Suppose 177 + 639 = 4*c. What is the greatest common divisor of c and 51?
51
Suppose -5 = q, v - 25 = -4*v - 4*q. Let z(a) = 3*a**3 - 2*a**2 + a - 3. Let d be z(3). Calculate the highest common factor of v and d.
9
Let v = 10 - 